est common factor of 4367 and 143?
11
What is the greatest common divisor of 4 and 324?
4
What is the greatest common divisor of 28 and 4326?
14
What is the greatest common factor of 1136 and 16?
16
Calculate the highest common divisor of 56 and 280.
56
Calculate the highest common factor of 9 and 9738.
9
What is the highest common divisor of 1824 and 1140?
228
What is the highest common divisor of 48 and 372?
12
Calculate the greatest common divisor of 292 and 24.
4
What is the highest common factor of 17028 and 72?
36
Calculate the highest common divisor of 104 and 156.
52
What is the highest common divisor of 51 and 646?
17
What is the greatest common divisor of 24 and 384?
24
What is the highest common divisor of 22875 and 366?
183
Calculate the greatest common divisor of 17 and 1037.
17
Calculate the highest common factor of 108 and 3798.
18
What is the greatest common divisor of 50 and 950?
50
Calculate the greatest common divisor of 38 and 437.
19
Calculate the highest common divisor of 2246 and 10.
2
Calculate the highest common factor of 30 and 27.
3
What is the greatest common divisor of 650 and 689?
13
Calculate the highest common divisor of 85 and 320.
5
What is the highest common factor of 162 and 126?
18
Calculate the greatest common divisor of 91 and 65.
13
What is the greatest common factor of 143 and 88?
11
What is the greatest common divisor of 4906 and 22?
22
What is the greatest common divisor of 387 and 903?
129
What is the highest common divisor of 2235 and 30?
15
Calculate the greatest common factor of 118 and 10502.
118
What is the highest common factor of 5 and 1345?
5
What is the greatest common factor of 11453 and 91?
13
What is the highest common factor of 730 and 2044?
146
What is the highest common factor of 200 and 1710?
10
What is the highest common divisor of 5 and 605?
5
Calculate the greatest common factor of 64152 and 264.
264
What is the greatest common divisor of 1316 and 28?
28
What is the highest common factor of 1023 and 297?
33
What is the highest common factor of 32 and 88?
8
Calculate the highest common divisor of 9 and 45.
9
Calculate the highest common divisor of 255 and 2193.
51
Calculate the greatest common divisor of 567 and 28.
7
What is the greatest common factor of 44 and 236?
4
Calculate the greatest common divisor of 73 and 1.
1
Calculate the greatest common factor of 1364 and 33.
11
What is the greatest common factor of 5529 and 57?
57
Calculate the highest common divisor of 17731 and 17.
17
What is the highest common divisor of 70 and 126?
14
Calculate the greatest common factor of 450 and 288.
18
What is the highest common factor of 8720 and 50?
10
What is the highest common divisor of 40 and 2620?
20
What is the highest common divisor of 7110 and 144?
18
What is the greatest common divisor of 50 and 200?
50
What is the highest common factor of 37 and 72594?
37
Calculate the highest common factor of 560 and 540.
20
Calculate the highest common divisor of 87 and 1189.
29
What is the greatest common divisor of 184 and 483?
23
What is the greatest common factor of 84 and 303?
3
What is the greatest common factor of 168 and 105?
21
What is the greatest common factor of 264 and 231?
33
What is the highest common divisor of 775 and 62?
31
What is the highest common divisor of 448 and 88?
8
Calculate the highest common divisor of 4140 and 100.
20
Calculate the highest common divisor of 160 and 5.
5
What is the highest common factor of 216 and 126?
18
Calculate the greatest common factor of 1273 and 19.
19
Calculate the greatest common divisor of 15 and 513.
3
What is the greatest common divisor of 1275 and 51?
51
Calculate the highest common factor of 36 and 114.
6
Calculate the highest common divisor of 517 and 235.
47
Calculate the highest common divisor of 256 and 32.
32
Calculate the greatest common factor of 211 and 8651.
211
What is the highest common divisor of 135 and 225?
45
What is the highest common factor of 189 and 54?
27
Calculate the greatest common factor of 2 and 27.
1
Calculate the greatest common factor of 144 and 504.
72
What is the greatest common factor of 567 and 243?
81
What is the greatest common factor of 25 and 50?
25
What is the greatest common divisor of 63 and 42?
21
Calculate the greatest common divisor of 229 and 22900.
229
What is the greatest common factor of 157 and 2?
1
What is the greatest common divisor of 296 and 7178?
74
Calculate the highest common divisor of 20 and 2260.
20
Calculate the greatest common divisor of 33 and 187.
11
What is the greatest common factor of 378 and 2814?
42
Calculate the highest common divisor of 170 and 238.
34
What is the greatest common divisor of 3512 and 40?
8
Calculate the highest common divisor of 25 and 12800.
25
Calculate the greatest common divisor of 90 and 240.
30
What is the highest common divisor of 1276 and 174?
58
Calculate the highest common factor of 8485 and 5.
5
Calculate the greatest common divisor of 143 and 26.
13
Calculate the greatest common factor of 51 and 4573.
17
What is the highest common divisor of 164 and 820?
164
Calculate the greatest common factor of 76 and 60572.
76
Calculate the greatest common divisor of 15 and 6155.
5
Calculate the highest common divisor of 576 and 128.
64
What is the greatest common factor of 145 and 40?
5
Calculate the greatest common factor of 189 and 21.
21
What is the greatest common factor of 100 and 80?
20
Calculate the greatest common divisor of 60972 and 12.
12
Calculate the highest common divisor of 40 and 24.
8
What is the highest common factor of 135 and 3?
3
Calculate the highest common factor of 1179 and 27.
9
Calculate the greatest common divisor of 7 and 77.
7
What is the greatest common divisor of 8 and 928?
8
What is the greatest common divisor of 25 and 45?
5
Calculate the greatest common divisor of 5512 and 208.
104
What is the highest common divisor of 38 and 266?
38
What is the greatest common divisor of 87 and 174?
87
What is the greatest common factor of 115 and 1012?
23
Calculate the greatest common divisor of 5389 and 17.
17
Calculate the highest common divisor of 37734 and 19.
19
Calculate the greatest common divisor of 187 and 11.
11
What is the highest common factor of 2560 and 1120?
160
Calculate the greatest common factor of 6821 and 38.
19
What is the highest common divisor of 69020 and 14?
14
Calculate the highest common divisor of 576 and 18.
18
Calculate the highest common divisor of 174 and 290.
58
Calculate the highest common factor of 10502 and 295.
59
What is the greatest common divisor of 2718 and 108?
18
Calculate the greatest common factor of 1012 and 88.
44
What is the highest common factor of 28 and 6?
2
Calculate the greatest common divisor of 168 and 72.
24
Calculate the highest common factor of 81 and 9261.
27
Calculate the greatest common factor of 169 and 559.
13
What is the greatest common divisor of 432 and 333?
9
Calculate the greatest common factor of 1071 and 42.
21
Calculate the highest common factor of 33 and 3.
3
What is the highest common divisor of 493 and 58?
29
What is the greatest common factor of 1878 and 6?
6
Calculate the highest common factor of 50 and 13690.
10
What is the highest common factor of 70 and 7595?
35
Calculate the highest common factor of 104 and 182.
26
Calculate the greatest common factor of 552 and 3.
3
Calculate the highest common divisor of 22 and 7568.
22
Calculate the greatest common factor of 1246 and 1068.
178
What is the highest common divisor of 724 and 20?
4
What is the greatest common divisor of 35594 and 26?
26
What is the highest common factor of 841 and 29?
29
Calculate the greatest common factor of 32 and 1072.
16
What is the greatest common divisor of 13370 and 70?
70
What is the greatest common factor of 174 and 6?
6
Calculate the greatest common factor of 126 and 5166.
126
What is the greatest common divisor of 21 and 21?
21
What is the highest common divisor of 1269 and 3243?
141
Calculate the highest common factor of 485 and 97.
97
What is the greatest common divisor of 11 and 143?
11
Calculate the highest common divisor of 848 and 318.
106
Calculate the highest common factor of 56 and 644.
28
What is the highest common factor of 39 and 2366?
13
Calculate the greatest